en 6776 is divided by 89.
12
What is the remainder when 10481 is divided by 10363?
118
Calculate the remainder when 8349 is divided by 8320.
29
Calculate the remainder when 1858 is divided by 76.
34
What is the remainder when 879649 is divided by 241?
240
What is the remainder when 684775 is divided by 23?
19
Calculate the remainder when 65936 is divided by 32921.
94
What is the remainder when 89625 is divided by 366?
321
What is the remainder when 37999 is divided by 10?
9
What is the remainder when 15370 is divided by 240?
10
What is the remainder when 71523 is divided by 35728?
67
What is the remainder when 93118 is divided by 101?
97
What is the remainder when 47368 is divided by 373?
370
Calculate the remainder when 207313 is divided by 128.
81
Calculate the remainder when 134065 is divided by 84.
1
Calculate the remainder when 2037393 is divided by 113.
3
Calculate the remainder when 56830 is divided by 26.
20
What is the remainder when 2258 is divided by 1763?
495
Calculate the remainder when 6484 is divided by 62.
36
What is the remainder when 382883 is divided by 191420?
43
What is the remainder when 6982 is divided by 1722?
94
What is the remainder when 2039 is divided by 1583?
456
Calculate the remainder when 33212 is divided by 1185.
32
What is the remainder when 110571 is divided by 2?
1
Calculate the remainder when 20597 is divided by 103.
100
What is the remainder when 1307 is divided by 103?
71
Calculate the remainder when 9279 is divided by 91.
88
What is the remainder when 2795 is divided by 185?
20
What is the remainder when 13852 is divided by 863?
44
What is the remainder when 12350 is divided by 425?
25
Calculate the remainder when 36652 is divided by 160.
12
What is the remainder when 15652 is divided by 15?
7
Calculate the remainder when 1555 is divided by 253.
37
What is the remainder when 27448 is divided by 299?
239
Calculate the remainder when 2612650 is divided by 4.
2
Calculate the remainder when 8550 is divided by 4264.
22
What is the remainder when 24697 is divided by 185?
92
What is the remainder when 1035 is divided by 300?
135
What is the remainder when 3982 is divided by 102?
4
What is the remainder when 457212 is divided by 16?
12
Calculate the remainder when 921496 is divided by 250.
246
Calculate the remainder when 883 is divided by 38.
9
What is the remainder when 25016 is divided by 807?
806
Calculate the remainder when 2091 is divided by 402.
81
What is the remainder when 4879 is divided by 605?
39
What is the remainder when 483560 is divided by 221?
12
What is the remainder when 29178 is divided by 1716?
6
What is the remainder when 87353 is divided by 520?
513
What is the remainder when 52831 is divided by 148?
143
Calculate the remainder when 796635 is divided by 40.
35
What is the remainder when 102560 is divided by 25640?
0
Calculate the remainder when 3184 is divided by 78.
64
Calculate the remainder when 3202 is divided by 93.
40
Calculate the remainder when 4283 is divided by 1254.
521
What is the remainder when 25012 is divided by 8335?
7
Calculate the remainder when 14804 is divided by 4920.
44
What is the remainder when 16248 is divided by 27?
21
Calculate the remainder when 1220763 is divided by 171.
165
What is the remainder when 66869 is divided by 16706?
45
What is the remainder when 14558 is divided by 10?
8
What is the remainder when 93738 is divided by 202?
10
What is the remainder when 26804 is divided by 1164?
32
Calculate the remainder when 153402 is divided by 15.
12
Calculate the remainder when 38022 is divided by 117.
114
Calculate the remainder when 3401 is divided by 13.
8
What is the remainder when 2742 is divided by 1301?
140
Calculate the remainder when 82499 is divided by 235.
14
Calculate the remainder when 14586 is divided by 7244.
98
Calculate the remainder when 357243 is divided by 73.
54
Calculate the remainder when 24062 is divided by 19.
8
Calculate the remainder when 142815 is divided by 78.
75
Calculate the remainder when 1039 is divided by 163.
61
What is the remainder when 6946 is divided by 310?
126
What is the remainder when 9257 is divided by 240?
137
Calculate the remainder when 36096 is divided by 29.
20
Calculate the remainder when 290439 is divided by 16.
7
What is the remainder when 699813 is divided by 63?
9
Calculate the remainder when 4944 is divided by 450.
444
What is the remainder when 952298 is divided by 212?
206
Calculate the remainder when 363 is divided by 108.
39
What is the remainder when 6131074 is divided by 294?
292
What is the remainder when 37310 is divided by 37095?
215
What is the remainder when 22009 is divided by 1105?
1014
Calculate the remainder when 175963 is divided by 56.
11
Calculate the remainder when 40441 is divided by 215.
21
Calculate the remainder when 1565 is divided by 283.
150
What is the remainder when 13940 is divided by 75?
65
Calculate the remainder when 137421 is divided by 341.
339
Calculate the remainder when 71468 is divided by 668.
660
What is the remainder when 1243 is divided by 299?
47
What is the remainder when 782526 is divided by 12?
6
What is the remainder when 9975 is divided by 86?
85
What is the remainder when 25491 is divided by 56?
11
Calculate the remainder when 173989 is divided by 89.
83
What is the remainder when 82592 is divided by 1528?
80
Calculate the remainder when 5399 is divided by 667.
63
Calculate the remainder when 3413 is divided by 827.
105
What is the remainder when 21940 is divided by 37?
36
Calculate the remainder when 40777 is divided by 508.
137
What is the remainder when 15701 is divided by 26?
23
What is the remainder when 17294 is divided by 5227?
1613
Calculate the remainder when 1127 is divided by 195.
152
Calculate the remainder when 52672 is divided by 76.
4
Calculate the remainder when 918293 is divided by 131183.
12
Calculate the remainder when 142724 is divided by 228.
224
Calculate the remainder when 12201 is divided by 90.
51
What is the remainder when 4894665 is divided by 14?
13
What is the remainder when 7566 is divided by 379?
365
What is the remainder when 425541 is divided by 238?
235
Calculate the remainder when 687888 is divided by 49.
26
Calculate the remainder when 14434 is divided by 1201.
22
Calculate the remainder when 15697 is divided by 105.
52
What is the remainder when 11365 is divided by 203?
200
What is the remainder when 22309 is divided by 1858?
13
Calculate the remainder when 1008 is divided by 498.
12
Calculate the remainder when 112102 is divided by 1156.
1126
What is the remainder when 128058 is divided by 3460?
38
Calculate the remainder when 10915 is divided by 303.
7
Calculate the remainder when 83432 is divided by 773.
721
What is the remainder when 44229 is divided by 417?
27
Calculate the remainder when 7089 is divided by 4594.
2495
Calculate the remainder when 201536 is divided by 201523.
13
What is the remainder when 40548 is divided by 20089?
370
Calculate the remainder when 88841 is divided by 17.
16
Calculate the remainder when 384668 is divided by 1304.
1292
Calculate the remainder when 1437889 is divided by 74.
69
What is the remainder when 26491 is divided by 4414?
7
Calculate the remainder when 2213 is divided by 70.
43
What is the remainder when 88237 is divided by 111?
103
What is the remainder when 719 is divided by 151?
115
What is the remainder when 5547 is divided by 11?
3
Calculate the remainder when 11213 is divided by 1330.
573
What is the remainder when 641 is divided by 71?
2
What is the remainder when 30774 is divided by 1709?
12
Calculate the remainder when 4159972 is divided by 91.
89
What is the remainder when 43614 is divided by 4?
2
What is the remainder when 3106 is divided by 1524?
58
Calculate the remainder when 56822 is divided by 123.
119
What is the remainder when 671413 is divided by 23?
20
Calculate the remainder when 975214 is divided by 243803.
2
What is the remainder when 227376 is divided by 158?
14
What is the remainder when 914 is divided by 448?
18
Calculate the remainder when 44287 is divided by 4415.
137
What is the remainder when 4600 is divided by 36?
28
What is the remainder when 45190 is divided by 84?
82
Calculate the remainder when 38130 is divided by 4766.
2
What is the remainder 